n.
9
Let u(h) = 200*h**2 + 8*h - 8. Let p be u(1). Calculate the highest common factor of 25 and p.
25
Let x(m) = -7*m + 8. Let f be x(6). Let j = -14 - f. Calculate the greatest common factor of 180 and j.
20
Suppose -r + 2*i + 24 = 0, -2*r + 16 = -5*i - 34. Let o be (5940/25)/(3/15). Let j be 4/22 - o/(-121). What is the highest common divisor of r and j?
10
Let o be 482/4 + 9/(-6). Calculate the greatest common factor of o and 17.
17
Suppose 5*x - y = 4*x + 12, 3*y = -4*x + 34. Let s be 228/9*(-3)/(-2). Let q = 68 - s. Calculate the highest common factor of x and q.
10
Suppose 126 = -3*o + 2*w, -1 = -3*w + 8. Let g = -59 - o. Let b = g + 27. Calculate the highest common divisor of b and 8.
8
Suppose -5*n - 18 = -28. Calculate the greatest common factor of n and 18.
2
Let x(q) = -q**3 - 13*q**2 + 13*q - 5. Let v be x(-14). What is the highest common divisor of 81 and v?
9
Suppose 232 = 3*d - p, d + 2*d = 3*p + 234. Calculate the greatest common factor of 11 and d.
11
Let m = 7 + -10. Let d(u) = u**2 + 2*u - 1. Let l be d(m). Let g be (4/3)/(5/15). Calculate the highest common divisor of g and l.
2
Let m = 52 + -30. Calculate the highest common divisor of 22 and m.
22
Let k(i) = 32*i + 1. Let d be k(-1). Let m = d + 51. Let y be (3/(3/2))/1. What is the greatest common factor of y and m?
2
Let i = 11 + -7. Suppose r + i*r = 10. Suppose 0 = -0*f - r*f + 4. Calculate the highest common factor of 22 and f.
2
Let q(p) be the third derivative of -p**6/120 + p**5/60 + p**4/8 + 2*p**3/3 + 2*p**2. Let x be q(-4). What is the greatest common factor of 8 and x?
8
Let w = 8 + -3. What is the greatest common factor of w and 2?
1
Let a(l) = l - 4. Let g be a(-4). Let t(u) = u**3 + 3*u**2 + u - 4. Let k be t(-4). Let d be k/16*g/3. What is the highest common divisor of d and 4?
4
Let n be (-2)/(-4) - 82/(-4). Suppose 3*w = 6*w - 6. Suppose 0 = -3*i - w*i + 15. Calculate the greatest common factor of i and n.
3
Suppose 2*a = -3*a + 85. Suppose -z + 18 = -a. What is the greatest common factor of 14 and z?
7
Let i(h) = 8*h**2 - 2*h - 1. Let j be i(-1). Calculate the greatest common divisor of 3 and j.
3
Let w = 10 - 7. Suppose w*v = -8 - 4. Let r(x) = 3*x**2 + 6*x + 2. Let b be r(v). What is the greatest common divisor of 39 and b?
13
Let c = 13 + -6. Calculate the greatest common factor of 63 and c.
7
Let g = -168 - -280. Suppose -2*c - 144 = -11*c. What is the greatest common factor of c and g?
16
Let o(u) = u**3 - u**2 - u + 77. Let s be o(0). Suppose 0 = -4*f - v + 45, 3*v = 3*f - f - 19. What is the highest common factor of f and s?
11
Let i(w) = -w**2 - 5*w + 6. Let o be i(-6). Let x be 1 + -2 - (-64 + o). Calculate the greatest common factor of 9 and x.
9
Let l be 27/6 - (-4)/8. Calculate the greatest common factor of 55 and l.
5
Suppose 0 = -5*t + 3*t + 140. Let z be (-2)/5 - 54/(-10). Suppose 0 = -5*h + 5*d + 45, -4*h + z*d + 19 = -16. Calculate the greatest common factor of t and h.
10
Suppose 87 = -2*j + 13. Let t be 8/6*(-213)/(-2). Let d = t + j. Calculate the highest common divisor of d and 15.
15
Suppose -3*w = -4*i, 5*i = 2*w - 0*i. Let u be (w - (-1 - 0))*-82. Let f be u/((-2)/1) + -1. What is the greatest common factor of 16 and f?
8
Let b(c) = -c + 13. Let i be b(0). Let y = i - 6. Let j be 886/18 - 6/27. Calculate the highest common factor of y and j.
7
Let v(r) = 3*r**2 + 3*r + 4. Let m be v(-5). Let u = m - 46. Let o = 143 + 1. What is the highest common divisor of o and u?
18
Suppose -3*n + 7*n = 124. Calculate the greatest common divisor of 279 and n.
31
Suppose -2*g + 3*g = 16. What is the highest common factor of g and 32?
16
Let y(v) = 11*v. Let d be y(1). What is the highest common divisor of d and 44?
11
Let t(z) = -6*z**3 - z**2 - z - 1. Let s = -5 - -3. Let a be t(s). Suppose 5*l - 2*l - a = 0. What is the greatest common factor of 135 and l?
15
Let r be (5*(0 - 1))/(-1). Suppose j + r = 0, -2*a = 6*j - 2*j + 16. Let t = a - 1. What is the highest common divisor of t and 7?
1
Suppose 0 = -96*x + 98*x - 8. Calculate the highest common divisor of x and 10.
2
Suppose s - 105 = -4*s. Calculate the greatest common divisor of s and 7.
7
Let n = -41 + 89. What is the highest common divisor of n and 6?
6
Let l(w) = -3*w - 5. Let d be l(-7). What is the highest common factor of 2 and d?
2
Suppose -5*d = -3*d - 32. Suppose 2*i = -u + d, u = 2*i + 2*i - 2. Let k be 1*(4 + -2 + 0). Calculate the highest common divisor of k and u.
2
Suppose -n = -6*n. Suppose n*o + 520 = 4*o. Suppose -5*l = 25, -l = z + 2*z - o. What is the highest common factor of z and 30?
15
Suppose 17 = y - 39. Calculate the greatest common divisor of y and 14.
14
Suppose -h = v - 38, 5*h - 163 = -0*h + 4*v. Calculate the greatest common divisor of 140 and h.
35
Let v = 794 - 563. Calculate the greatest common factor of v and 33.
33
Let v(k) = -27*k + 5. Suppose 17 = -n + 3*p, 4*p - 10 = 6. Let r be v(n). Let z = -4 + 24. What is the highest common divisor of z and r?
20
Let o(t) = -t + 4. Let b be o(-6). What is the greatest common factor of 80 and b?
10
Suppose 19*m - 210 = 4*m. What is the greatest common factor of m and 21?
7
Let q(b) = b**2 - 3*b - 4. Let h be q(8). Calculate the highest common divisor of h and 144.
36
Let c(y) = 17*y**2 - y. Let h be c(1). Let k be 202/(-4) + 4/8. Let t = k + 98. Calculate the highest common divisor of t and h.
16
Suppose 0 = 5*s - 4*h - 79, h - 69 = -3*s - 2*h. Let g(z) = 3*z - 8. Let c be g(6). Let q be c/45 - (-3758)/18. What is the highest common divisor of s and q?
19
Let c be 5/(-30) + 1442/12 + 0. What is the highest common divisor of c and 30?
30
Let z(t) = -5 - 7 + 4*t + 14. Let r be z(7). Suppose -66 = -i + 9. What is the greatest common divisor of i and r?
15
Let w(m) = -m**2 - 2. Let n(c) = -c**2 - c - 3. Let l(j) = -6*n(j) + 7*w(j). Let p be l(5). What is the greatest common factor of 45 and p?
9
Suppose 0 = 4*r - 3*z - 44, -11 = -10*r + 9*r - 5*z. What is the highest common factor of r and 33?
11
Let b = 242 - 134. What is the greatest common divisor of b and 12?
12
Let p(o) = o**2 - 5*o - 19. Let i be p(8). Calculate the greatest common divisor of 1 and i.
1
Suppose 0 = -4*r + 3*p + 9 + 16, 0 = 2*r + 5*p - 45. Calculate the greatest common factor of 25 and r.
5
Let s be (-24)/(-10)*-3*-5. Let g = 2 - -1. Suppose 5*a - 4*a - g*w = 12, -6 = -2*a - 3*w. What is the highest common factor of a and s?
6
Let l = 8 + 1. What is the highest common factor of 18 and l?
9
Let v(x) = x + 4. Let p be v(-6). Let m be (18 + p)*(-3)/6. Let o = m + 13. What is the highest common factor of o and 10?
5
Let w be 4 - (3 + (-1 - 3)). Suppose -c + 14 = w. Calculate the highest common factor of c and 54.
9
Let y = -248 - -398. What is the greatest common factor of 60 and y?
30
Suppose 3*t + 3*h = t - 7, 2*h + 5 = -t. Let q be 1 + t - -8 - 1. Let p(f) = 4*f - 3. Let u be p(q). Calculate the greatest common divisor of 3 and u.
3
Let b(c) = 515*c. Let k be b(1). Let u = -273 + k. Calculate the greatest common divisor of u and 22.
22
Let u(c) = -2*c**2 - 5*c - 6. Let k be u(-3). Let i = k - -15. Calculate the highest common divisor of i and 9.
3
Let y = 35 + -6. Calculate the highest common divisor of 116 and y.
29
Let s(j) be the second derivative of j**4/4 + 3*j**2/2 + 3*j. Let u be s(3). Calculate the greatest common factor of u and 12.
6
Suppose 4*i = -b - b + 220, 0 = -4*i + 2*b + 228. Calculate the greatest common divisor of i and 7.
7
Let p(n) = n - 5*n + n**2 + 2*n + 0*n. Let l be p(-6). Calculate the greatest common factor of 32 and l.
16
Let f be (22/4)/((-4)/(-56)). Let i = -23 - -34. Calculate the greatest common divisor of f and i.
11
Suppose -r = -t - 7, -4*t + 7 = -r + 17. Suppose 0 = -w + 2*s + s + 9, 2*s = w - 7. Calculate the greatest common factor of r and w.
3
Let k be (382/4 - 1)*4. Suppose -b = m + k, -5*m + 2*m - 1120 = -4*b. Let h = -266 - m. What is the greatest common divisor of 10 and h?
10
Suppose -63*y + 65*y = 220. Let k(a) = a**2 - 3*a + 6. Let z be k(4). What is the highest common factor of z and y?
10
Let q be ((-1)/3)/(2 + 21/(-9)). What is the highest common divisor of 4 and q?
1
Let h be 6 + 0 + -3 - 1. Suppose 0 = -h*g + 590 - 130. Suppose 7*t = 2*t + g. Calculate the greatest common divisor of 115 and t